{"id":2205,"date":"2020-06-15T14:57:19","date_gmt":"2020-06-15T14:57:19","guid":{"rendered":"http:\/\/michaelrjin.com\/?page_id=2205"},"modified":"2022-04-21T18:50:21","modified_gmt":"2022-04-21T18:50:21","slug":"selected-presentations","status":"publish","type":"page","link":"https:\/\/michaelrjin.com\/index.php\/research\/selected-presentations\/","title":{"rendered":"Selected Presentations"},"content":{"rendered":"\t\t<div data-elementor-type=\"wp-page\" data-elementor-id=\"2205\" class=\"elementor elementor-2205\">\n\t\t\t\t\t\t<section class=\"elementor-section elementor-top-section elementor-element elementor-element-03bbdff elementor-section-boxed elementor-section-height-default elementor-section-height-default\" data-id=\"03bbdff\" data-element_type=\"section\">\n\t\t\t\t\t\t<div class=\"elementor-container elementor-column-gap-default\">\n\t\t\t\t\t<div class=\"elementor-column elementor-col-100 elementor-top-column elementor-element elementor-element-375235b\" data-id=\"375235b\" data-element_type=\"column\">\n\t\t\t<div class=\"elementor-widget-wrap elementor-element-populated\">\n\t\t\t\t\t\t<div class=\"elementor-element elementor-element-c4015fe elementor-widget elementor-widget-heading\" data-id=\"c4015fe\" data-element_type=\"widget\" data-widget_type=\"heading.default\">\n\t\t\t\t<div class=\"elementor-widget-container\">\n\t\t\t<h6 class=\"elementor-heading-title elementor-size-default\">Conference and Seminar Presentations<\/h6>\t\t<\/div>\n\t\t\t\t<\/div>\n\t\t\t\t\t<\/div>\n\t\t<\/div>\n\t\t\t\t\t<\/div>\n\t\t<\/section>\n\t\t\t\t<section class=\"elementor-section elementor-top-section elementor-element elementor-element-8dde23d elementor-section-boxed elementor-section-height-default elementor-section-height-default\" data-id=\"8dde23d\" data-element_type=\"section\">\n\t\t\t\t\t\t<div class=\"elementor-container elementor-column-gap-default\">\n\t\t\t\t\t<div class=\"elementor-column elementor-col-100 elementor-top-column elementor-element elementor-element-6a8be90\" data-id=\"6a8be90\" data-element_type=\"column\">\n\t\t\t<div class=\"elementor-widget-wrap elementor-element-populated\">\n\t\t\t\t\t\t<div class=\"elementor-element elementor-element-e90641d elementor-widget elementor-widget-text-editor\" data-id=\"e90641d\" data-element_type=\"widget\" data-widget_type=\"text-editor.default\">\n\t\t\t\t<div class=\"elementor-widget-container\">\n\t\t\t\t\t\t\t<p>&#8220;Tehran &amp; Seoul, 1979: (Re)emergence of a Community.&#8221; Association for Asian American Studies (AAAS) Annual Conference, Denver, Colorado, April 14, 2022.<\/p><p>\u201cSurviving Nuclear Violence: Ecologies of Care and the Politics of Redress in America\u2019s Cold War Pacific.\u201d <span style=\"text-indent: 0em; text-align: inherit;\">Organization of American Historians (OAH) Conference on American History and Annual Meeting, Boston, Massachusetts, April 1, 2022.<\/span><\/p><p>\u201cDiasporic Memories and Cold War Circuits of Change: Iranian Migration to South Korea and the United States.\u201d Association for Asian Studies (AAS) Annual Conference, Honolulu, Hawai&#8217;i, March 25, 2022.<\/p><p>Roundtable: &#8220;We Can&#8217;t Forget What Happened: Gender, Violence, and Justice in the North American West,&#8221; sponsored by the WHA Committee on Assault Response and Educational Strategies (WHA-CARES). Western History Association (WHA) Annual Meeting Pre-Con Session, October 18, 2021.\u00a0<\/p><p>&#8220;Ecologies of Care: The Politics of Redress in the Nuclear Pacific.&#8221; Association for Asian American Studies (AAAS) Annual Conference, April 10, 2021.<\/p><p>\u201cBetween Two Empires: Compensatory Justice and Korean A-Bomb Survivors.\u201d American Historical Association (AHA) Annual Meeting, New York, New York, January 4, 2020.<\/p><p>\u201cCompensatory Justice and the Politics of Care: Korean and Nisei Survivors Remember the Atomic Bomb.\u201d American Studies Association (ASA) Annual Meeting, Honolulu, Hawai\u2019i, November 7, 2019.<\/p><p>\u201cChandler\u2019s Dolls: Race, Gender, and Orientalism in Post-World War II U.S.-Japan Relations.\u201d Newberry Gender and Sexuality Seminar, The Newberry Library, Chicago, Illinois, September 20, 2019.<\/p><p>\u201cFrom Citizens to Refugees?: Japanese American Migrants in the Pacific.\u201d Association for Asian American Studies (AAAS) Annual Conference, Madison, Wisconsin, April 25, 2019.<\/p><p>\u201cFrom Tehran to Seoul to Los Angeles: The Iranian Diaspora and Transnational Circuits of Change.\u201d\u00a0<a href=\"https:\/\/ids.sfsu.edu\/conference?utm_source=Center+for+Iranian+Diaspora+Studies&amp;utm_campaign=ca6c70f103-EMAIL_CAMPAIGN_2019_02_11_10_35_COPY_01&amp;utm_medium=email&amp;utm_term=0_1be965cff6-ca6c70f103-86321475\" target=\"_blank\" rel=\"noopener\">Forty Years &amp; More: International Conference on Iranian Diaspora Studies<\/a>, San Francisco, California, March 29, 2019.<\/p><p>\u201cThe Japanese American Transnational Generation and Jim Crow in the American West.\u201d Western History Association (WHA) Annual Meeting, San Antonio, Texas, October 19, 2018.<\/p><p>\u201cKorean Atomic Bomb Survivors and the Nuclear Pacific: Reimagining the Future of Transnational and Pan-ethnic Solidarity.\u201d Association for Asian American Studies (AAAS) Annual Conference, San Francisco, California, March 30, 2018.<\/p><p>\u201cThe\u00a0Unredressed and the Unforgiven: American Atomic Bomb Survivors and the Politics of Reparations in the Cold War Pacific.\u201d American Historical Association (AHA) Annual Meeting, Washington, D.C., January 7, 2018.<\/p><p>\u201cRemembering the Unredressed: American Atomic Bomb Survivors, Japanese Peruvians, and the Politics of Post-WWII Reparations.\u201d American Studies Association (ASA) Annual Meeting. Chicago, Illinois, November 11, 2017.<\/p><p>\u201cVoices of the Unredressed: Korean and Japanese American Atomic Bomb Survivors in America\u2019s Cold War Pacific.\u201d International Conference of the American Studies Association of Korea (ASAK). Seoul, South Korea, September 22, 2017.<\/p><p>\u201cBodies of Memory, Bodies of Citizenship: Japanese American Atomic Bomb Survivors and the Politics of Care.\u201d Association for Asian American Studies\u00a0(AAAS) Annual Conference. Portland, Oregon, April 14, 2017.<\/p><p>\u201cFrom Tehran to Seoul to Los Angeles: How Iranian and Korean Diasporas Converged,\u201d International Conference of the American Studies Association of Korea (ASAK). Yongin, South Korea, September 30, 2016.<\/p><p>\u201cAmerican <em>Hibakusha<\/em>: Japanese American Atomic Bomb Survivors and the Making of a Diaspora,\u201d Association for Asian American Studies (AAAS) Annual Conference. Miami, Florida, April 30, 2016.<\/p><p>\u201cAmericans in the Japanese Empire: The Nisei Transnational Generation in the Pacific before World War II,\u201d Transpacific Convergence: University of Southern California \u2013 Kyoto University Symposium on Nikkei Studies<em>. <\/em>University of Southern California, March 22, 2015.<\/p><p>\u201cHow South Texas Met Japan: <em>Hakata<\/em> Dolls, Post-WWII U.S.-Japan Relations, and the Birth of a Local Museum in Corpus Christi,\u201d Texas State Historical Association Annual Meeting. Corpus Christi, Texas, March 5, 2015.<\/p><p>\u201cCitizens, Immigrants, and the Stateless: Japanese Americans in the Pacific.\u201d Association for Asian Studies (AAS) Annual Conference. Philadelphia, Pennsylvania, March 30, 2014.<\/p><p>\u201cRethinking Citizenship: Americans in the Japanese Empire.\u201d Organization of American Historians (OAH) Annual Meeting. San Francisco, California, April 14, 2013.<\/p><p>\u201cCitizenship Across Borders: American Migrants in Japan, 1920-1945.\u201d Association for Asian American Studies (AAAS) Annual Conference, Washington, D.C., April 11, 2012.<\/p><p>\u201cBeyond Diasporic Settlements: Japanese American Transnational Migrants in the Pacific.\u201d The Pacific Coast Branch of the American Historical Association Annual Meeting. Seattle, Washington, August 13, 2011.<\/p>\t\t\t\t\t\t<\/div>\n\t\t\t\t<\/div>\n\t\t\t\t\t<\/div>\n\t\t<\/div>\n\t\t\t\t\t<\/div>\n\t\t<\/section>\n\t\t\t\t<section class=\"elementor-section elementor-top-section elementor-element elementor-element-55d76a6 elementor-section-boxed elementor-section-height-default elementor-section-height-default\" data-id=\"55d76a6\" data-element_type=\"section\">\n\t\t\t\t\t\t<div class=\"elementor-container elementor-column-gap-default\">\n\t\t\t\t\t<div class=\"elementor-column elementor-col-100 elementor-top-column elementor-element elementor-element-2178491\" data-id=\"2178491\" data-element_type=\"column\">\n\t\t\t<div class=\"elementor-widget-wrap elementor-element-populated\">\n\t\t\t\t\t\t<div class=\"elementor-element elementor-element-5174584 elementor-widget elementor-widget-heading\" data-id=\"5174584\" data-element_type=\"widget\" data-widget_type=\"heading.default\">\n\t\t\t\t<div class=\"elementor-widget-container\">\n\t\t\t<h6 class=\"elementor-heading-title elementor-size-default\">Invited Lectures and workshops<\/h6>\t\t<\/div>\n\t\t\t\t<\/div>\n\t\t\t\t\t<\/div>\n\t\t<\/div>\n\t\t\t\t\t<\/div>\n\t\t<\/section>\n\t\t\t\t<section class=\"elementor-section elementor-top-section elementor-element elementor-element-fa2b9d9 elementor-section-boxed elementor-section-height-default elementor-section-height-default\" data-id=\"fa2b9d9\" data-element_type=\"section\">\n\t\t\t\t\t\t<div class=\"elementor-container elementor-column-gap-default\">\n\t\t\t\t\t<div class=\"elementor-column elementor-col-100 elementor-top-column elementor-element elementor-element-5eb23d8\" data-id=\"5eb23d8\" data-element_type=\"column\">\n\t\t\t<div class=\"elementor-widget-wrap elementor-element-populated\">\n\t\t\t\t\t\t<div class=\"elementor-element elementor-element-e1e3148 elementor-widget elementor-widget-text-editor\" data-id=\"e1e3148\" data-element_type=\"widget\" data-widget_type=\"text-editor.default\">\n\t\t\t\t<div class=\"elementor-widget-container\">\n\t\t\t\t\t\t\t<p>&#8220;Citizens, Immigrants, and the Stateless: A Japanese American Diaspora in the Pacific.&#8221; Book Talk. Immigration and Ethnic History Society (IEHS) <a href=\"https:\/\/iehs.org\/event\/online-books-series-9-17-2021-949\/\" target=\"_blank\" rel=\"noopener\">Spring 2022 Online Books Series<\/a>, April 20, 2022.\u00a0<\/p><p>&#8220;Teaching Critical Issues in Asian American History.&#8221; <a href=\"https:\/\/www.facinghistory.org\/calendar\/w2022ch7-japanese-american-incarceration-and-teaching-asian-american-history\" target=\"_blank\" rel=\"noopener\">Japanese American Incarceration and Teaching of Asian American History. <\/a>Teachers&#8217; Workshop, Facing History and Ourselves, Chicago, March 22, 2022.<\/p><p>&#8220;From Citizens to Enemy Aliens: Japanese Americans and the History of Anti-Asian Xenophobia.&#8221;\u00a0<a href=\"https:\/\/jewishmuseummilwaukee.org\/events\/citizens-to-enemy\/\" target=\"_blank\" rel=\"noopener\">Jewish Museum Milwaukee<\/a>, March 15, 2022.<\/p><p>&#8220;Citizens, Immigrants, and the Stateless: A Japanese American Diaspora in the Pacific.&#8221; Book Talk. <a href=\"https:\/\/manoa.hawaii.edu\/internationalculture\/speaker-series\/\" target=\"_blank\" rel=\"noopener\">International Cultural Studies Graduate Certificate Program Speaker Series<\/a>, University of Hawai&#8217;i at Manoa, February 16, 2022.<\/p><p>&#8220;Citizens, Immigrants, and the Stateless: A Japanese American Diaspora in the Pacific.&#8221; Book Talk. Institute for Research on Race and Public Policy (IRRPP) Race\/Ethnicity Workshop, University of Illinois Chicago, October 22, 2021.<\/p><p>\u201cThe\u00a0 Making of Korean America.\u201d National Korean Studies Seminar (NKSS); Korean History and Culture Outreach Seminar for Educators, Chicago, Illinois, September 11, 2021.<\/p><p>\u201cKorean American History: Migration, Diaspora, and Transpacific Convergences.\u201d National Korean Studies Seminar (NKSS): Korean History and Culture Outreach Seminar for Educators, Chicago, Illinois, October 26, 2019.<\/p><p>\u201cFrom Citizens to Emigrants: The Japanese American Transnational Generation in the Pacific.\u201d Institute for the Humanities Fellows Lecture, University of Illinois at Chicago, November 13, 2018.<\/p><p>\u201cJapanese American <i>Hibakusha<\/i> and the Politics of Care: Compensatory Justice in the Nuclear Pacific.\u201d Harpur College Dean\u2019s Speaker Series: States, Violence, and Migration in Global Asia, Binghamton University, State University of New York, February 23, 2018.<\/p><p>\u201cFrom Tehran to Seoul to Los Angles: How Iranian and Korean Diasporas Converged.\u201d A public lecture sponsored by the Samuel Jordan Center for Persian Studies &amp; Culture and the Center for Critical Korean Studies, University of California, Irvine, March 9, 2017.<\/p><p>\u201cTransnational Circuits of Change and the Convergence of Iranian and Korean Diasporas.\u201d Global Asian Studies Colloquium. University of Illinois at Chicago, February 27, 2017.<\/p><p>\u201cThe War and Its Aftermath: Nisei Draftees in the Imperial Armed Forces during World War II,\u201d Japanese American Museum of San Jose. San Jose, California, February 7, 2015.<\/p><p><a href=\"https:\/\/youtu.be\/IKuB8VgXGCE\" target=\"_blank\" rel=\"noopener\"><em>Fighting for the Emperor: Nisei Soldiers in the Imperial Armed Forces<\/em><\/a>, February 7, 2015 (J-Town Community TV)<\/p><p>\u201cNikkei amerikajin no kokusai id\u014d to kyosei sh\u016by\u014d: Tule Lake no kibei nisei o ch\u016bshin ni\u201d (The Transnational Migration and Internment of Japanese Americans: The Kibei Nisei at the Tule Lake Segregation Center). International Mobility of Japanese Research Forum. Kyoto, Japan, June 17, 2010.<\/p><p>\u201cFood and Drink in Modern World History.\u201d Itami International Cultural Exchange Association (ICEA). Hyogo, Japan, June 17, 2010.<\/p><p>\u201c\u2018The Kibei Problem\u2019: Rethinking the History of Japanese American Internment during WWII.\u201d\u00a0 International Mobility of Japanese Research Forum. Kyoto, Japan, November 21, 2009.<\/p><p>\u201cDavid Akira Itami to 1930 nendai no California ni okeru kibei nisei no taiken\u201d (David Akira Itami and the Kibei Nisei Experience in California in the 1930s). Migration Studies Society. Osaka University of Commerce, Osaka, Japan, May 9, 2009.<\/p><p>\u201cJapanese American Migrations and Transnationalism in the Pacific, 1930-1955.\u201d International Institute of Language and Culture Studies. Ritsumeikan University, Kyoto, Japan, May 24, 2008.<\/p><p>\u201cSenzen no nihon taizai nikkei amerikajin kenky\u016b no saik\u014dsatu\u201d (Researching the Japanese American Community in Pre-WWII Japan). Japan Foundation Research Symposium. Osaka, Japan, May 15, 2008.<\/p><p>\u201cTransnational Community and Identity: The Korean American Experience.\u201d Transnational Studies Association. Nagoya City University, Nagoya, Japan, November 21, 2007.<\/p>\t\t\t\t\t\t<\/div>\n\t\t\t\t<\/div>\n\t\t\t\t\t<\/div>\n\t\t<\/div>\n\t\t\t\t\t<\/div>\n\t\t<\/section>\n\t\t\t\t<section class=\"elementor-section elementor-top-section elementor-element elementor-element-7ac7b1f elementor-section-boxed elementor-section-height-default elementor-section-height-default\" data-id=\"7ac7b1f\" data-element_type=\"section\">\n\t\t\t\t\t\t<div class=\"elementor-container elementor-column-gap-default\">\n\t\t\t\t\t<div class=\"elementor-column elementor-col-100 elementor-top-column elementor-element elementor-element-301157c\" data-id=\"301157c\" data-element_type=\"column\">\n\t\t\t<div class=\"elementor-widget-wrap elementor-element-populated\">\n\t\t\t\t\t\t<div class=\"elementor-element elementor-element-8fb8c18 elementor-widget elementor-widget-heading\" data-id=\"8fb8c18\" data-element_type=\"widget\" data-widget_type=\"heading.default\">\n\t\t\t\t<div class=\"elementor-widget-container\">\n\t\t\t<h6 class=\"elementor-heading-title elementor-size-default\">Future PRESENTATIONS<\/h6>\t\t<\/div>\n\t\t\t\t<\/div>\n\t\t\t\t\t<\/div>\n\t\t<\/div>\n\t\t\t\t\t<\/div>\n\t\t<\/section>\n\t\t\t\t<section class=\"elementor-section elementor-top-section elementor-element elementor-element-4188895 elementor-section-boxed elementor-section-height-default elementor-section-height-default\" data-id=\"4188895\" data-element_type=\"section\">\n\t\t\t\t\t\t<div class=\"elementor-container elementor-column-gap-default\">\n\t\t\t\t\t<div class=\"elementor-column elementor-col-100 elementor-top-column elementor-element elementor-element-979da02\" data-id=\"979da02\" data-element_type=\"column\">\n\t\t\t<div class=\"elementor-widget-wrap elementor-element-populated\">\n\t\t\t\t\t\t<div class=\"elementor-element elementor-element-66e0b56 elementor-widget elementor-widget-text-editor\" data-id=\"66e0b56\" data-element_type=\"widget\" data-widget_type=\"text-editor.default\">\n\t\t\t\t<div class=\"elementor-widget-container\">\n\t\t\t\t\t\t\t<p>Western History Association (WHA) Annual Meeting. San Antonio, Texas, October 12-15, 2022.<\/p>\t\t\t\t\t\t<\/div>\n\t\t\t\t<\/div>\n\t\t\t\t\t<\/div>\n\t\t<\/div>\n\t\t\t\t\t<\/div>\n\t\t<\/section>\n\t\t\t\t<section class=\"elementor-section elementor-top-section elementor-element elementor-element-c3ae15e elementor-section-boxed elementor-section-height-default elementor-section-height-default\" data-id=\"c3ae15e\" data-element_type=\"section\">\n\t\t\t\t\t\t<div class=\"elementor-container elementor-column-gap-default\">\n\t\t\t\t\t<div class=\"elementor-column elementor-col-100 elementor-top-column elementor-element elementor-element-10171a8\" data-id=\"10171a8\" data-element_type=\"column\">\n\t\t\t<div class=\"elementor-widget-wrap elementor-element-populated\">\n\t\t\t\t\t\t<div class=\"elementor-element elementor-element-6204324 elementor-align-center elementor-icon-list--layout-traditional elementor-list-item-link-full_width elementor-widget elementor-widget-icon-list\" data-id=\"6204324\" data-element_type=\"widget\" data-widget_type=\"icon-list.default\">\n\t\t\t\t<div class=\"elementor-widget-container\">\n\t\t\t\t\t<ul class=\"elementor-icon-list-items\">\n\t\t\t\t\t\t\t<li class=\"elementor-icon-list-item\">\n\t\t\t\t\t\t\t\t\t\t\t<a href=\"https:\/\/michaelrjin.com\/index.php\/research\/publications\/\">\n\n\t\t\t\t\t\t\t\t\t\t\t\t<span class=\"elementor-icon-list-icon\">\n\t\t\t\t\t\t\t<i aria-hidden=\"true\" class=\"fas fa-book-open\"><\/i>\t\t\t\t\t\t<\/span>\n\t\t\t\t\t\t\t\t\t\t<span class=\"elementor-icon-list-text\">Publications<\/span>\n\t\t\t\t\t\t\t\t\t\t\t<\/a>\n\t\t\t\t\t\t\t\t\t<\/li>\n\t\t\t\t\t\t<\/ul>\n\t\t\t\t<\/div>\n\t\t\t\t<\/div>\n\t\t\t\t<div class=\"elementor-element elementor-element-f9d735a elementor-align-center elementor-icon-list--layout-traditional elementor-list-item-link-full_width elementor-widget elementor-widget-icon-list\" data-id=\"f9d735a\" data-element_type=\"widget\" data-widget_type=\"icon-list.default\">\n\t\t\t\t<div class=\"elementor-widget-container\">\n\t\t\t\t\t<ul class=\"elementor-icon-list-items\">\n\t\t\t\t\t\t\t<li class=\"elementor-icon-list-item\">\n\t\t\t\t\t\t\t\t\t\t\t<a href=\"https:\/\/michaelrjin.com\/index.php\/research\/\">\n\n\t\t\t\t\t\t\t\t\t\t\t\t<span class=\"elementor-icon-list-icon\">\n\t\t\t\t\t\t\t<i aria-hidden=\"true\" class=\"fas fa-book-reader\"><\/i>\t\t\t\t\t\t<\/span>\n\t\t\t\t\t\t\t\t\t\t<span class=\"elementor-icon-list-text\">Research Home<\/span>\n\t\t\t\t\t\t\t\t\t\t\t<\/a>\n\t\t\t\t\t\t\t\t\t<\/li>\n\t\t\t\t\t\t<\/ul>\n\t\t\t\t<\/div>\n\t\t\t\t<\/div>\n\t\t\t\t\t<\/div>\n\t\t<\/div>\n\t\t\t\t\t<\/div>\n\t\t<\/section>\n\t\t\t\t<section class=\"elementor-section elementor-top-section elementor-element elementor-element-5fccaf8 elementor-section-boxed elementor-section-height-default elementor-section-height-default\" data-id=\"5fccaf8\" data-element_type=\"section\">\n\t\t\t\t\t\t<div class=\"elementor-container elementor-column-gap-default\">\n\t\t\t\t\t<div class=\"elementor-column elementor-col-100 elementor-top-column elementor-element elementor-element-1935627\" data-id=\"1935627\" data-element_type=\"column\">\n\t\t\t<div class=\"elementor-widget-wrap\">\n\t\t\t\t\t\t\t<\/div>\n\t\t<\/div>\n\t\t\t\t\t<\/div>\n\t\t<\/section>\n\t\t\t\t<\/div>\n\t\t","protected":false},"excerpt":{"rendered":"<p>Conference and Seminar Presentations &#8220;Tehran &amp; Seoul, 1979: (Re)emergence of a Community.&#8221; Association for Asian American Studies (AAAS) Annual Conference, Denver, Colorado, April 14, 2022. \u201cSurviving Nuclear Violence: Ecologies of Care and the Politics of &hellip;<\/p>\n","protected":false},"author":1,"featured_media":0,"parent":2148,"menu_order":0,"comment_status":"closed","ping_status":"closed","template":"","meta":{"_uag_custom_page_level_css":"","footnotes":""},"class_list":["post-2205","page","type-page","status-publish","hentry"],"uagb_featured_image_src":{"full":false,"thumbnail":false,"medium":false,"medium_large":false,"large":false,"1536x1536":false,"2048x2048":false,"post-thumbnail":false,"fluida-featured":false,"fluida-featured-lp":false,"fluida-featured-half":false,"fluida-featured-third":false,"fluida-header":false,"fluida-lpbox-1":false,"fluida-lpbox-2":false},"uagb_author_info":{"display_name":"Michael R. Jin","author_link":"https:\/\/michaelrjin.com\/index.php\/author\/jinmike1234gmail-com\/"},"uagb_comment_info":0,"uagb_excerpt":"Conference and Seminar Presentations &#8220;Tehran &amp; Seoul, 1979: (Re)emergence of a Community.&#8221; Association for Asian American Studies (AAAS) Annual Conference, Denver, Colorado, April 14, 2022. \u201cSurviving Nuclear Violence: Ecologies of Care and the Politics of &hellip;","_links":{"self":[{"href":"https:\/\/michaelrjin.com\/index.php\/wp-json\/wp\/v2\/pages\/2205","targetHints":{"allow":["GET"]}}],"collection":[{"href":"https:\/\/michaelrjin.com\/index.php\/wp-json\/wp\/v2\/pages"}],"about":[{"href":"https:\/\/michaelrjin.com\/index.php\/wp-json\/wp\/v2\/types\/page"}],"author":[{"embeddable":true,"href":"https:\/\/michaelrjin.com\/index.php\/wp-json\/wp\/v2\/users\/1"}],"replies":[{"embeddable":true,"href":"https:\/\/michaelrjin.com\/index.php\/wp-json\/wp\/v2\/comments?post=2205"}],"version-history":[{"count":78,"href":"https:\/\/michaelrjin.com\/index.php\/wp-json\/wp\/v2\/pages\/2205\/revisions"}],"predecessor-version":[{"id":2861,"href":"https:\/\/michaelrjin.com\/index.php\/wp-json\/wp\/v2\/pages\/2205\/revisions\/2861"}],"up":[{"embeddable":true,"href":"https:\/\/michaelrjin.com\/index.php\/wp-json\/wp\/v2\/pages\/2148"}],"wp:attachment":[{"href":"https:\/\/michaelrjin.com\/index.php\/wp-json\/wp\/v2\/media?parent=2205"}],"curies":[{"name":"wp","href":"https:\/\/api.w.org\/{rel}","templated":true}]}}